{"id":226,"date":"2021-01-14T12:14:09","date_gmt":"2021-01-14T10:14:09","guid":{"rendered":"https:\/\/warelia.fi\/?page_id=226"},"modified":"2024-02-20T16:16:50","modified_gmt":"2024-02-20T14:16:50","slug":"oma-myymala","status":"publish","type":"page","link":"https:\/\/warelia.fi\/index.php\/oma-myymala\/","title":{"rendered":"Oma myym\u00e4l\u00e4"},"content":{"rendered":"\n<figure class=\"wp-block-image size-large\"><img loading=\"lazy\" width=\"1024\" height=\"361\" src=\"https:\/\/warelia.fi\/wp-content\/uploads\/2024\/02\/Kirjakorttelin-Yo-Kuvaaja-Esa-Ijas-1024x361.jpg\" alt=\"\" class=\"wp-image-707\" srcset=\"https:\/\/warelia.fi\/wp-content\/uploads\/2024\/02\/Kirjakorttelin-Yo-Kuvaaja-Esa-Ijas-1024x361.jpg 1024w, https:\/\/warelia.fi\/wp-content\/uploads\/2024\/02\/Kirjakorttelin-Yo-Kuvaaja-Esa-Ijas-300x106.jpg 300w, https:\/\/warelia.fi\/wp-content\/uploads\/2024\/02\/Kirjakorttelin-Yo-Kuvaaja-Esa-Ijas-768x271.jpg 768w, https:\/\/warelia.fi\/wp-content\/uploads\/2024\/02\/Kirjakorttelin-Yo-Kuvaaja-Esa-Ijas-1536x542.jpg 1536w, https:\/\/warelia.fi\/wp-content\/uploads\/2024\/02\/Kirjakorttelin-Yo-Kuvaaja-Esa-Ijas-2048x722.jpg 2048w\" sizes=\"(max-width: 1024px) 100vw, 1024px\" \/><\/figure>\n\n\n\n<div class=\"wp-block-columns\">\n<div class=\"wp-block-column\">\n<p>Warelian tunnelmallinen toimisto ja kes\u00e4kirjakauppa Tyrv\u00e4\u00e4n Pryki sijaitsee Sastamalan Kirjakorttelissa Herra Hakkaraisen taloa vastap\u00e4\u00e4t\u00e4. V\u00e4litt\u00f6m\u00e4ss\u00e4 naapurustossa ovat my\u00f6s Suomalaisen kirjan museo Pukstaavi, Antikvariaatti Tyrw\u00e4\u00e4 ja Tyrv\u00e4\u00e4n Kirjakauppa. Tervetuloa antoisalle kirjalliselle kes\u00e4lomamatkalle Suomen kirjap\u00e4\u00e4kaupunkiin Sastamalaan! PS: Tyrv\u00e4\u00e4n Prykist\u00e4 k\u00e4sin toimivasta Warelian <a href=\"https:\/\/holvi.com\/shop\/tyrvaanpryki\">verkkokaupasta<\/a>\u00a0voit tilata kaikkia Warelian kirjoja ymp\u00e4ri vuoden.<\/p>\n\n\n\n<p>Kuva: Esa Ij\u00e4s.<\/p>\n<\/div>\n\n\n\n<div class=\"wp-block-column\">\n<p><strong>Avoinna<\/strong><br>hein\u00e4kuussa<br>to\u2013la klo 10\u201316&nbsp;<br>Muina aikoina sopimuksen mukaan.<\/p>\n\n\n\n<p><strong>Osoite<\/strong><br>Tyrv\u00e4\u00e4n Pryki,<br>Marttilankatu 13,<br>Sastamala<\/p>\n<\/div>\n<\/div>\n\n\n\n<div class=\"wp-block-group\"><div class=\"wp-block-group__inner-container\"><p><iframe src=\"https:\/\/www.google.com\/maps\/embed?pb=!1m18!1m12!1m3!1d1913.4105242174262!2d22.907257516114274!3d61.342459682407934!2m3!1f0!2f0!3f0!3m2!1i1024!2i768!4f13.1!3m3!1m2!1s0x4689346938afa837%3A0x6d2d3afc92343aa0!2zVHlydsOkw6RuIFByeWtp!5e0!3m2!1sen!2sfi!4v1610638936115!5m2!1sen!2sfi\" width=\"800\" height=\"300\" frameborder=\"0\" style=\"border:0;\" allowfullscreen=\"\" aria-hidden=\"false\" tabindex=\"0\"><\/iframe><\/p>\n<\/div><\/div>\n\n\n\n<div class=\"wp-block-columns\">\n<div class=\"wp-block-column\" style=\"flex-basis:33.33%\"><\/div>\n\n\n\n<div class=\"wp-block-column\" style=\"flex-basis:66.66%\"><\/div>\n<\/div>\n\n\n\n<div class=\"wp-block-columns\">\n<div class=\"wp-block-column\" style=\"flex-basis:66.66%\"><\/div>\n\n\n\n<div class=\"wp-block-column\" style=\"flex-basis:33.33%\"><\/div>\n<\/div>\n","protected":false},"excerpt":{"rendered":"<p>Warelian tunnelmallinen toimisto ja kes\u00e4kirjakauppa Tyrv\u00e4\u00e4n Pryki sijaitsee Sastamalan Kirjakorttelissa Herra Hakkaraisen taloa vastap\u00e4\u00e4t\u00e4. V\u00e4litt\u00f6m\u00e4ss\u00e4 naapurustossa ovat my\u00f6s Suomalaisen kirjan museo Pukstaavi, Antikvariaatti Tyrw\u00e4\u00e4 ja Tyrv\u00e4\u00e4n Kirjakauppa. Tervetuloa antoisalle kirjalliselle kes\u00e4lomamatkalle Suomen kirjap\u00e4\u00e4kaupunkiin Sastamalaan! PS: Tyrv\u00e4\u00e4n Prykist\u00e4 k\u00e4sin toimivasta Warelian verkkokaupasta\u00a0voit tilata kaikkia Warelian kirjoja ymp\u00e4ri vuoden. Kuva: Esa Ij\u00e4s&#8230;.<\/p>\n","protected":false},"author":3,"featured_media":0,"parent":0,"menu_order":4,"comment_status":"closed","ping_status":"closed","template":"","meta":[],"_links":{"self":[{"href":"https:\/\/warelia.fi\/index.php\/wp-json\/wp\/v2\/pages\/226"}],"collection":[{"href":"https:\/\/warelia.fi\/index.php\/wp-json\/wp\/v2\/pages"}],"about":[{"href":"https:\/\/warelia.fi\/index.php\/wp-json\/wp\/v2\/types\/page"}],"author":[{"embeddable":true,"href":"https:\/\/warelia.fi\/index.php\/wp-json\/wp\/v2\/users\/3"}],"replies":[{"embeddable":true,"href":"https:\/\/warelia.fi\/index.php\/wp-json\/wp\/v2\/comments?post=226"}],"version-history":[{"count":27,"href":"https:\/\/warelia.fi\/index.php\/wp-json\/wp\/v2\/pages\/226\/revisions"}],"predecessor-version":[{"id":709,"href":"https:\/\/warelia.fi\/index.php\/wp-json\/wp\/v2\/pages\/226\/revisions\/709"}],"wp:attachment":[{"href":"https:\/\/warelia.fi\/index.php\/wp-json\/wp\/v2\/media?parent=226"}],"curies":[{"name":"wp","href":"https:\/\/api.w.org\/{rel}","templated":true}]}}

Oma myymälä

<figure class="wp-block-image size-large"><img loading="lazy" width="1024" height="361" src="https://warelia.fi/wp-content/uploads/2024/02/Kirjakorttelin-Yo-Kuvaaja-Esa-Ijas-1024x361.jpg" alt="" class="wp-image-707" srcset="https://warelia.fi/wp-content/uploads/2024/02/Kirjakorttelin-Yo-Kuvaaja-Esa-Ijas-1024x361.jpg 1024w, https://warelia.fi/wp-content/uploads/2024/02/Kirjakorttelin-Yo-Kuvaaja-Esa-Ijas-300x106.jpg 300w, https://warelia.fi/wp-content/uploads/2024/02/Kirjakorttelin-Yo-Kuvaaja-Esa-Ijas-768x271.jpg 768w, https://warelia.fi/wp-content/uploads/2024/02/Kirjakorttelin-Yo-Kuvaaja-Esa-Ijas-1536x542.jpg 1536w, https://warelia.fi/wp-content/uploads/2024/02/Kirjakorttelin-Yo-Kuvaaja-Esa-Ijas-2048x722.jpg 2048w" sizes="(max-width: 1024px) 100vw, 1024px" /></figure>



<div class="wp-block-columns">
<div class="wp-block-column">
<p>Warelian tunnelmallinen toimisto ja kesäkirjakauppa Tyrvään Pryki sijaitsee Sastamalan Kirjakorttelissa Herra Hakkaraisen taloa vastapäätä. Välittömässä naapurustossa ovat myös Suomalaisen kirjan museo Pukstaavi, Antikvariaatti Tyrwää ja Tyrvään Kirjakauppa. Tervetuloa antoisalle kirjalliselle kesälomamatkalle Suomen kirjapääkaupunkiin Sastamalaan! PS: Tyrvään Prykistä käsin toimivasta Warelian <a href="https://holvi.com/shop/tyrvaanpryki">verkkokaupasta</a> voit tilata kaikkia Warelian kirjoja ympäri vuoden.</p>



<p>Kuva: Esa Ijäs.</p>
</div>



<div class="wp-block-column">
<p><strong>Avoinna</strong><br>heinäkuussa<br>to–la klo 10–16&nbsp;<br>Muina aikoina sopimuksen mukaan.</p>



<p><strong>Osoite</strong><br>Tyrvään Pryki,<br>Marttilankatu 13,<br>Sastamala</p>
</div>
</div>



<div class="wp-block-group"><div class="wp-block-group__inner-container"><p><iframe src="https://www.google.com/maps/embed?pb=!1m18!1m12!1m3!1d1913.4105242174262!2d22.907257516114274!3d61.342459682407934!2m3!1f0!2f0!3f0!3m2!1i1024!2i768!4f13.1!3m3!1m2!1s0x4689346938afa837%3A0x6d2d3afc92343aa0!2zVHlydsOkw6RuIFByeWtp!5e0!3m2!1sen!2sfi!4v1610638936115!5m2!1sen!2sfi" width="800" height="300" frameborder="0" style="border:0;" allowfullscreen="" aria-hidden="false" tabindex="0"></iframe></p>
</div></div>



<div class="wp-block-columns">
<div class="wp-block-column" style="flex-basis:33.33%"></div>



<div class="wp-block-column" style="flex-basis:66.66%"></div>
</div>



<div class="wp-block-columns">
<div class="wp-block-column" style="flex-basis:66.66%"></div>



<div class="wp-block-column" style="flex-basis:33.33%"></div>
</div>

<p>Warelian tunnelmallinen toimisto ja kesäkirjakauppa Tyrvään Pryki sijaitsee Sastamalan Kirjakorttelissa Herra Hakkaraisen taloa vastapäätä. Välittömässä naapurustossa ovat myös Suomalaisen kirjan museo Pukstaavi, Antikvariaatti Tyrwää ja Tyrvään Kirjakauppa. Tervetuloa antoisalle kirjalliselle kesälomamatkalle Suomen kirjapääkaupunkiin Sastamalaan! PS: Tyrvään Prykistä käsin toimivasta Warelian verkkokaupasta voit tilata kaikkia Warelian kirjoja ympäri vuoden. Kuva: Esa Ijäs&#8230;.</p>
