{"id":228,"date":"2021-01-14T12:14:27","date_gmt":"2021-01-14T10:14:27","guid":{"rendered":"https:\/\/warelia.fi\/?page_id=228"},"modified":"2026-04-30T14:06:30","modified_gmt":"2026-04-30T12:06:30","slug":"jalleenmyyjille","status":"publish","type":"page","link":"https:\/\/warelia.fi\/index.php\/jalleenmyyjille\/","title":{"rendered":"J\u00e4lleenmyyjille ja kirja-arvostelijoille"},"content":{"rendered":"\n<p>Storia Oy (entinen Kirjav\u00e4litys Oy) on Warelian logistiikkakumppani ja ensisijainen kirjojemme toimittaja. Kaikki uudet kirjamme ovat jatkuvasti hyllyss\u00e4 Storian varastossa, joten Storian kautta tilaamalla j\u00e4lleenmyyj\u00e4t ja kirjastot saavat tilauksensa my\u00f6s nopeimmin perille. J\u00e4lleenmyyj\u00e4t ja kirjastot voivat silti jatkossakin tilata kirjojamme my\u00f6s Suomen kirjastopalvelun ja Booky.fi:n kautta.<\/p>\n\n\n\n<p>Arvostelukappaleiden ja kirjoihin liittyv\u00e4n kuvamateriaalin (etukannet, kirjailijakuvat yms.) tilaukset suoraan Warelialta.<\/p>\n\n\n\n<p>Tilausosoitteet l\u00f6ydyt t\u00e4m\u00e4n sivun alaosasta, Warelian katalogien alapuolelta.<\/p>\n\n\n\n<figure class=\"wp-block-embed-issuu wp-block-embed is-type-rich is-provider-issuu\"><div class=\"wp-block-embed__wrapper\">\n<iframe title=\"WARELIA_syksyn_2026_uudet_kirjat\" src=\"https:\/\/e.issuu.com\/embed.html?u=warelia&#038;d=warelia_syksyn_2026_uudet_kirjat\" style=\"border:none; width: 790px; height: 606px;\" allow=\"clipboard-write,allow-top-navigation,allow-top-navigation-by-user-activation,allow-downloads,allow-scripts,allow-same-origin,allow-popups,allow-modals,allow-popups-to-escape-sandbox,allow-forms\"  allowfullscreen=\"true\"><\/iframe>\n<\/div><\/figure>\n\n\n\n<figure class=\"wp-block-embed-issuu wp-block-embed is-type-rich is-provider-issuu\"><div class=\"wp-block-embed__wrapper\">\n<iframe title=\"WARELIA Kev\u00e4\u00e4n 2026 uudet kirjat\" src=\"https:\/\/e.issuu.com\/embed.html?u=warelia&#038;d=warelia_kev_n_2026_uudet_kirjat\" style=\"border:none; width: 790px; height: 606px;\" allow=\"clipboard-write,allow-top-navigation,allow-top-navigation-by-user-activation,allow-downloads,allow-scripts,allow-same-origin,allow-popups,allow-modals,allow-popups-to-escape-sandbox,allow-forms\"  allowfullscreen=\"true\"><\/iframe>\n<\/div><\/figure>\n\n\n<p><iframe allowfullscreen=\"true\" allow=\"fullscreen\" style=\"border:none;width:100%;height:500px;\" src=\"\/\/e.issuu.com\/embed.html?d=warelia_syksyn_2025_uudet_kirjat&amp;hideIssuuLogo=true&amp;u=warelia\"><\/iframe><\/p>\n\n\n<p><iframe allowfullscreen=\"true\" allow=\"fullscreen\" style=\"border:none;width:100%;height:500px;\" src=\"\/\/e.issuu.com\/embed.html?d=warelia_kevaan_2025_uudet_kirjat&amp;hideIssuuLogo=true&amp;u=warelia\"><\/iframe><\/p>\n\n\n<p><iframe allowfullscreen=\"true\" allow=\"fullscreen\" style=\"border:none;width:100%;height:500px;\" src=\"\/\/e.issuu.com\/embed.html?d=warelia_syksyn_2024_uudet_kirjat&amp;hideIssuuLogo=true&amp;u=warelia\"><\/iframe><\/p>\n\n\n<p><iframe allowfullscreen=\"true\" allow=\"fullscreen\" style=\"border:none;width:100%;height:500px;\" src=\"\/\/e.issuu.com\/embed.html?d=warelia_kevaan_2024_uudet_kirjat&amp;hideIssuuLogo=true&amp;u=warelia\"><\/iframe><\/p>\n\n\n<p><iframe allowfullscreen=\"true\" allow=\"fullscreen\" style=\"border:none;width:100%;height:500px;\" src=\"\/\/e.issuu.com\/embed.html?d=warelia_syksyn_2023_uudet_kirjat&amp;hideIssuuLogo=true&amp;u=warelia\"><\/iframe><\/p>\n\n\n<p><iframe allowfullscreen=\"true\" allow=\"fullscreen\" style=\"border:none;width:100%;height:500px;\" src=\"\/\/e.issuu.com\/embed.html?d=warelia_kevaan_2023_uudet_kirjat&amp;hideIssuuLogo=true&amp;u=warelia\"><\/iframe><\/p>\n\n\n<p><iframe allowfullscreen=\"true\" allow=\"fullscreen\" style=\"border:none;width:100%;height:500px;\" src=\"\/\/e.issuu.com\/embed.html?d=warelia_syksyn_2022_uudet_kirjat&amp;hideIssuuLogo=true&amp;u=warelia\"><\/iframe><\/p>\n\n\n<p><iframe allowfullscreen=\"true\" allow=\"fullscreen\" style=\"border:none;width:100%;height:500px;\" src=\"\/\/e.issuu.com\/embed.html?d=warelia_kevaan_2022_uudet_kirjat&amp;hideIssuuLogo=true&amp;u=warelia\"><\/iframe><\/p>\n\n\n<p><iframe allowfullscreen=\"true\" allow=\"fullscreen\" style=\"border:none;width:100%;height:500px;\" src=\"\/\/e.issuu.com\/embed.html?d=warelia_syksyn_2021_uudet_kirjat&amp;hideIssuuLogo=true&amp;u=warelia\"><\/iframe><\/p>\n\n\n<p><iframe allowfullscreen=\"true\" allow=\"fullscreen\" style=\"border:none;width:100%;height:500px;\" src=\"\/\/e.issuu.com\/embed.html?d=warelia_kevaan_2021_uudet_kirjat&amp;hideIssuuLogo=true&amp;u=warelia\"><\/iframe><\/p>\n\n\n<p><iframe allowfullscreen=\"true\" allow=\"fullscreen\" style=\"border:none;width:100%;height:500px;\" src=\"\/\/e.issuu.com\/embed.html?d=warelia_syksyn_2020_kaikki_uudet_kirjat&amp;hideIssuuLogo=true&amp;u=warelia\"><\/iframe><\/p>\n\n\n\n<hr class=\"wp-block-separator\"\/>\n\n\n\n<h2 class=\"has-text-align-center\">J\u00e4lleenmyyjien, kirjastojen ja kirja-arvostelijoiden kirjatilaukset<\/h2>\n\n\n\n<div class=\"wp-block-columns\">\n<div class=\"wp-block-column\">\n<p><strong>Storia<\/strong> Warelian kirjojen ensisijainen toimittaja<br>asiakaspalvelu@storia.fi<\/p>\n<\/div>\n\n\n\n<div class=\"wp-block-column\">\n<p><strong><strong>Suomen kirjastopalvelu <\/strong>\/ Booky.fi <\/strong>asiakaspalvelu@kirjastopalvelu.fi asiakaspalvelu@booky.fi <\/p>\n<\/div>\n\n\n\n<div class=\"wp-block-column\">\n<p><strong>Warelia Kustannus<\/strong> (arvostelukappaleet)<br>tilaukset@warelia.fi<\/p>\n<\/div>\n<\/div>\n","protected":false},"excerpt":{"rendered":"<p>Storia Oy (entinen Kirjav\u00e4litys Oy) on Warelian logistiikkakumppani ja ensisijainen kirjojemme toimittaja. Kaikki uudet kirjamme ovat jatkuvasti hyllyss\u00e4 Storian varastossa, joten Storian kautta tilaamalla j\u00e4lleenmyyj\u00e4t ja kirjastot saavat tilauksensa my\u00f6s nopeimmin perille. J\u00e4lleenmyyj\u00e4t ja kirjastot voivat silti jatkossakin tilata kirjojamme my\u00f6s Suomen kirjastopalvelun ja Booky.fi:n kautta. Arvostelukappaleiden ja kirjoihin liittyv\u00e4n&#8230;<\/p>\n","protected":false},"author":3,"featured_media":0,"parent":0,"menu_order":5,"comment_status":"closed","ping_status":"closed","template":"","meta":[],"_links":{"self":[{"href":"https:\/\/warelia.fi\/index.php\/wp-json\/wp\/v2\/pages\/228"}],"collection":[{"href":"https:\/\/warelia.fi\/index.php\/wp-json\/wp\/v2\/pages"}],"about":[{"href":"https:\/\/warelia.fi\/index.php\/wp-json\/wp\/v2\/types\/page"}],"author":[{"embeddable":true,"href":"https:\/\/warelia.fi\/index.php\/wp-json\/wp\/v2\/users\/3"}],"replies":[{"embeddable":true,"href":"https:\/\/warelia.fi\/index.php\/wp-json\/wp\/v2\/comments?post=228"}],"version-history":[{"count":44,"href":"https:\/\/warelia.fi\/index.php\/wp-json\/wp\/v2\/pages\/228\/revisions"}],"predecessor-version":[{"id":1465,"href":"https:\/\/warelia.fi\/index.php\/wp-json\/wp\/v2\/pages\/228\/revisions\/1465"}],"wp:attachment":[{"href":"https:\/\/warelia.fi\/index.php\/wp-json\/wp\/v2\/media?parent=228"}],"curies":[{"name":"wp","href":"https:\/\/api.w.org\/{rel}","templated":true}]}}